 -136 + 130. Suppose 3*r + 86 = u, n*u = -0*u - r + 179. List the prime factors of u.
89
Suppose -2*g = -0*g - 86. Suppose 33 = 4*x - g. List the prime factors of x.
19
Suppose -8*f = -6569 + 1537. List the prime factors of f.
17, 37
Suppose -5*d + 10*d = 0. Suppose d*p - p - 2*v = -222, 2*v - 1094 = -5*p. List the prime factors of 2/10 + p/10.
2, 11
Suppose -3*q + 3*v = -1029, 0 = -4*q - 21*v + 20*v + 1367. What are the prime factors of q?
2, 3, 19
Let y(t) = -11*t + 254. List the prime factors of y(-22).
2, 31
Let w(p) = -6*p + 11. Let m(y) be the second derivative of 13*y**3/6 - 23*y**2/2 - 8*y. Let c(i) = -2*m(i) - 5*w(i). List the prime factors of c(18).
3, 7
Suppose 10*i + 12 = 13*i. Let v be -118*2/i - 1. Let c = v - -85. What are the prime factors of c?
5
Let g(f) = -2*f + 36. Let i be g(-24). Let y = i - -43. What are the prime factors of y?
127
Suppose -2*g = -5*g + 3. Let c = 13 - g. Suppose 4*m - 27 = 5*u, -3*m = u + c - 56. What are the prime factors of m?
13
Suppose 5*q = -5*s + 120, 3*q - s - 56 = 4*s. List the prime factors of 76 - ((-8)/44 + 48/q).
2, 37
Suppose -18*l + 21*l = -3*r + 2379, -3181 = -4*l - r. List the prime factors of l.
2, 199
Let h be (1/(-3))/(-7 - 166/(-24)). Suppose 0 = h*z - 4, 0*z = 3*n - z - 83. List the prime factors of n.
2, 7
Suppose 0 = -35*n + 30*n + 125. Let a = 13 + n. Suppose a = -2*r + 3*r. List the prime factors of r.
2, 19
Suppose 0 = -8*m + 701 - 61. What are the prime factors of m?
2, 5
Suppose -2*j + 6 = 2. Let n be (8/5)/((-2)/(-40)). Suppose 0 = m - j*m + n. List the prime factors of m.
2
List the prime factors of (-1 + 14/6)*(-2805)/(-34).
2, 5, 11
Let h = 104 - 101. Let m(a) = -5*a + 2. Let q(z) = -15*z + 5. Let n(r) = 11*m(r) - 4*q(r). List the prime factors of n(h).
17
Let o = 78 - 60. Suppose o*s = 17*s + 156. List the prime factors of s.
2, 3, 13
List the prime factors of 6/10 - 14609/(-35).
2, 11, 19
Suppose 3*a + 242 = -4*r + 2747, 0 = 2*a - 2*r - 1656. What are the prime factors of a?
3, 277
Let d(j) = -7*j**3 + 2*j**2 - 40*j - 176. List the prime factors of d(-5).
13, 73
Let d be (-4)/(-14) - (-72)/42. Suppose -4*i + d*i = -2. What are the prime factors of (i/(-1))/(1/(-7))?
7
What are the prime factors of 2 - (6 + -7) - -691?
2, 347
Let d = 603 - 143. What are the prime factors of d?
2, 5, 23
Suppose 4*z + 2*h = 14, -3 - 2 = 5*z - 5*h. Suppose 2*k - 3*y + 34 = 0, -4*k + 6*k = -z*y - 14. List the prime factors of (-22)/k - 9*-1.
11
Let h = 4701 - 2820. What are the prime factors of h?
3, 11, 19
Let x(j) = -j**2 - 5*j - 5. Let y be x(-5). Let u be ((-4)/(-5))/((-2)/y). Let s(d) = 3*d**2. List the prime factors of s(u).
2, 3
What are the prime factors of 15*(5 - 371/(-21))?
2, 5, 17
Let k = -3077 - -4777. What are the prime factors of k?
2, 5, 17
Suppose -4*g = -133 - 71. List the prime factors of g/(-17) - (0 - 79).
2, 19
Suppose 5*t + 173 = -172. Let c = t + 97. Suppose -s + c = -15. What are the prime factors of s?
43
Let y(m) be the third derivative of -m**5/120 + 5*m**4/12 + 2*m**3/3 + 7*m**2. Let h(a) be the first derivative of y(a). List the prime factors of h(0).
2, 5
Let y be ((-3)/(-2))/(15/(-20)) - 796. List the prime factors of (2/(-4))/((-3189)/y + -4).
7, 19
Let r = -5 - -10. Let a(f) = 24*f - 6. Let b be a(r). Suppose -4*v = c - b, -5*c + 190 = 5*v + 40. List the prime factors of v.
2, 7
Let a be (-6)/(-2)*8/12. Let w be 4*(a - (-38)/(-8)). Let b = w - -19. List the prime factors of b.
2
Let k(b) = 2*b**2 + 16*b + 6. List the prime factors of k(11).
2, 53
List the prime factors of (-10 + 9)*-1*311.
311
Suppose 0*b - 12 = -b. Let t be (3 + b*1)/(-1). What are the prime factors of (0 - 4/6)*t?
2, 5
Suppose -747 - 2885 = -16*v. What are the prime factors of v?
227
Let y(p) = p - 8. Let x be y(11). Suppose x*w - 136 = -28. What are the prime factors of w?
2, 3
Suppose 6*n - 6 = 5*n. Suppose 22 = 4*v + n. Suppose -2*q + v = -50. What are the prime factors of q?
3
Suppose -4*b = -0*b + 144. Let w = b + 84. What are the prime factors of w?
2, 3
Let o(l) = -33*l - 9 - 85*l - 3 + 5. List the prime factors of o(-1).
3, 37
Suppose -i = -g + 25, 6*g - 2*g = -4*i + 92. Suppose 0 = 27*o - g*o - 366. What are the prime factors of o?
2, 61
Suppose -2*f + 1916 = 3*i, 2*i + 2*f - 1268 = 3*f. What are the prime factors of i?
2, 3, 53
Suppose 3*t = 7*t - 32. Suppose 0 = 3*m + 2*u + t, -4*m - 1 = u + 3. Suppose 4*d + d - 125 = m. List the prime factors of d.
5
Let w(v) be the second derivative of v**4/12 + 3*v**3/2 + 27*v**2/2 + 3*v. List the prime factors of w(-11).
7
Let y = 723 - 253. What are the prime factors of y?
2, 5, 47
Let n = -221 + 240. List the prime factors of n.
19
Let q(a) = -a**2 - 5*a + 8. Let p be q(-6). Suppose d + 4*k = 4*d - 79, -2*d - 4*k + 26 = 0. Suppose 5*c - d = p*c. List the prime factors of c.
7
Suppose -2*w + 3 = -2*i + 1, 17 = -2*i - w. Suppose -2*q - 144 = 7*q. What are the prime factors of q/(-48) - 94/i?
2
Let m be (-2)/(-4)*(-6 + 16). Suppose -44 = 3*h - m*h. Let x = h + -8. List the prime factors of x.
2, 7
Suppose -5*w + 12 = -8. Suppose -4*o + 340 = 2*z, 761 = 5*z - w*o - 159. What are the prime factors of z?
2, 3, 5
Let r be (0/2 - 69)*1. Let v(h) = h**3 + 9*h**2 + 11*h - 6. Let q be v(-9). Let z = r - q. List the prime factors of z.
2, 3
Let h = 1432 - 976. What are the prime factors of h?
2, 3, 19
What are the prime factors of (-10 - -9)/(2/6) + 142?
139
Let o(q) = -2 + 0 - 5 + 2 + 2*q. Let a be o(4). Suppose 5*p - 144 = -3*y, -a*p + 4*y = -y - 66. List the prime factors of p.
3
Let u(y) = 118*y**2 + 5*y + 7. Let o be u(-2). Let p = -309 + o. What are the prime factors of p?
2, 5
Suppose 0 = 9*d - 50200 - 1298. List the prime factors of d.
2, 2861
Suppose 2*r = -5*y + 4, -y + 6*y = 0. Suppose 10 = 4*w + 2*v, r*w - 7 = 5*v - 4*v. Suppose -4*x + 27 = w*j, j - 29 = -3*j - 3*x. List the prime factors of j.
5
Let l be (-855 - (1 + 4)) + 0. List the prime factors of (1 - (3 + -1))/(4/l).
5, 43
Let c(j) = -j**3 + 4*j + 4. Let r be 9/(-6)*32/12. What are the prime factors of c(r)?
2, 13
Let c = 36 - 40. Let z(l) = -9*l + 2. What are the prime factors of z(c)?
2, 19
Let m = -25 + 25. What are the prime factors of (1 - m)*(-1 + 104)?
103
Let s(u) = u**2 - 6*u - 5. Let i be s(7). What are the prime factors of i/6 + 384/9?
43
Suppose 4*j = -4*o + 284, -2*o - 267 = -5*j + 53. List the prime factors of j.
2, 3, 11
Let s(z) = 9*z + 5. Suppose -5*m + 2*d + 23 = -0*d, -21 = -3*m + 3*d. Let y be s(m). List the prime factors of y/6*(-1 + 7).
2
Let y(d) = -d**2 - 10*d - 6. Let p(m) = m**3 + 7*m**2 + m - 2. Let x be p(-7). What are the prime factors of y(x)?
3
Let a be -1*(3 + -2 - -16). Let s(v) = v**3 + 18*v**2 + 16*v - 18. Let x be s(a). List the prime factors of x*100/(2 + -6).
5
What are the prime factors of -3*(-8133)/63 + (-4)/14?
3, 43
Let m = -120 + 201. Suppose 0*l + 5*l + 265 = 5*i, 0 = -4*l + i - 218. Let g = l + m. List the prime factors of g.
2, 13
Let k(t) be the first derivative of 8*t**3/3 + t**2/2 + 2*t - 2. Let u(q) be the first derivative of k(q). List the prime factors of u(1).
17
Let w be (-6)/(-4)*(32/12 - 2). List the prime factors of (194/(-4))/((5/(-10))/w).
97
Suppose 5*n - 4489 = -3*z + 2195, -2*n = -2*z - 2680. List the prime factors of n.
2, 3, 223
Suppose -7 = -m + 20. Let a = m - -35. What are the prime factors of a?
2, 31
Let b = 1 + 442. List the prime factors of b.
443
Suppose -806 + 4211 = 5*s. What are the prime factors of s?
3, 227
Suppose 5*u - 3*u - 10 = 0. Suppose -3 - 9 = -3*n, -2*n = -u*p + 442. What are the prime factors of p?
2, 3, 5
Let u = -11 - -15. Suppose h = -u*a - 4, -7*h - 2*a - 2 = -2*h. Suppose h = -3*d + 2*i - 4*i + 49, 2*d = 5*i + 58. What are the prime factors of d?
19
Suppose 5*j + 3 = 6*j. List the prime factors of j + (-1 - 3 - -17).
2
Let t = 8 + -6. Suppose t*x - 28 = 72. What are the prime factors of x?
2, 5
Let x be (-5)/15 - (-10)/3. Suppose 0 = -f - 3*q + 163, -x*f - 2*q = -335 - 189. What are the prime factors of f?
2, 89
Let n(s) = s - 1. Let a be n(0). Suppose 105 + 111 = 9*k. What are the prime factors of a - (k/(-3) - 3)?
2, 5
Suppose 0 = -5*t + 4*x + 2655, 5*t + 5*x = t + 2124. What are the prime factors of t?
3, 59
Let q(x) = 103*x**3 - 2*x**2 - x. Let p be q(2). Suppose -1094 - p = -9*v. 